. Calculate x(34).
-59
Let d(c) = c**3 - 217*c**2 + 1460*c + 2087. What is d(210)?
-13
Let h(u) = 8*u + 1253. Determine h(7).
1309
Let c(q) = -802*q + 18269. Determine c(22).
625
Let w(o) = 7993*o + 455609. Determine w(-57).
8
Let g(b) = -20*b**2 - 1640*b - 264. What is g(-82)?
-264
Let u(n) = -488*n - 2435. Calculate u(-5).
5
Let i(q) = 2*q**2 + 170*q - 1012. Give i(-87).
-664
Let d(w) = -w**3 - 11*w**2 + 100*w - 48. Give d(-19).
940
Let y(g) = 3837*g - 11201. Determine y(3).
310
Let v(s) = 47*s**2 - 4549*s + 27387. What is v(6)?
1785
Let m(q) = -13428264*q + 26856524. Calculate m(2).
-4
Let h(v) = -283*v - 26013. Give h(-93).
306
Let h(o) = 173*o - 11868. What is h(72)?
588
Let r(w) = -w**3 + 330*w**2 - 14454*w - 586. Determine r(278).
-30
Let c(g) = 244082*g + 10739609. Calculate c(-44).
1
Let v(k) = -6*k**2 + 204*k + 4309. Calculate v(49).
-101
Let d(f) = -f**3 + 19*f**2 + 30*f + 183. Determine d(19).
753
Let y(z) = 4769*z + 930037. Give y(-195).
82
Let h(w) = -41*w**2 + 1439*w - 10055. Give h(7).
-1991
Let j(k) = -39971*k + 759466. Calculate j(19).
17
Let b(n) = -60097*n + 1262040. What is b(21)?
3
Let r(a) = -2*a**2 + 23680*a + 165800. Calculate r(-7).
-58
Let p(r) = -16*r**2 - 206*r - 2251. What is p(-11)?
-1921
Let w(k) = 4*k**2 + 298*k + 5541. Determine w(-36).
-3
Let y(h) = -15979*h - 1805597. Give y(-113).
30
Let g(q) = 328008*q - 656015. What is g(2)?
1
Let z(q) = 12362*q - 1990289. Give z(161).
-7
Let p(k) = -k**2 + 21708*k - 108528. Calculate p(5).
-13
Let v(o) = o**3 + 241*o**2 - 1232*o - 264. Calculate v(-246).
228
Let v(h) = 10*h**3 + h**2 + 102*h - 728. Determine v(7).
3465
Let x(w) = w**2 + 68*w + 269. Determine x(-44).
-787
Let x(c) = 7*c**2 + 131*c - 417. Calculate x(-23).
273
Let n(y) = y**3 + 3*y**2 - 18*y - 720. Calculate n(16).
3856
Let g(v) = 6*v**3 - 3*v**2 - 59*v + 404. Calculate g(6).
1238
Let o(q) = -4*q**3 + 752*q**2 - 12*q + 2072. Calculate o(188).
-184
Let f(x) = -21*x**2 + 113*x + 2149. Determine f(13).
69
Let u(t) = 983*t - 363613. Give u(370).
97
Let n(q) = q**2 - 32580*q - 227988. Determine n(-7).
121
Let k(l) = -1974*l**2 - 80953*l - 782. Calculate k(-41).
-3
Let l(n) = 23*n**2 - 942*n + 3358. Determine l(37).
-9
Let y(g) = 16*g**2 + 2091*g + 10481. Determine y(-5).
426
Let u(i) = 6018*i - 42081. Determine u(7).
45
Let v(c) = -47*c**2 + 3389*c - 87. Calculate v(72).
273
Let n(c) = 2*c**3 - 50*c**2 + 112*c + 152. What is n(22)?
-288
Let g(b) = -b**3 + 60*b**2 - 163*b - 655. Calculate g(57).
-199
Let r(z) = 19609*z - 1902070. Calculate r(97).
3
Let w(r) = -157*r**3 - 5030*r**2 - 200*r - 213. What is w(-32)?
43
Let t(g) = 2*g**3 - 69*g**2 - 771*g + 3. Give t(-9).
-105
Let y(f) = -1182*f + 9704. What is y(8)?
248
Let o(d) = -76124*d + 11190247. Give o(147).
19
Let p(r) = r**2 - 28278*r + 3491096. Calculate p(124).
0
Let t(u) = 106*u - 5740. Give t(54).
-16
Let d(g) = -26*g**3 + 1814*g**2 - 1388*g + 367. Determine d(69).
-185
Let c(l) = -6*l**3 - 67*l**2 + 81*l + 1028. Determine c(-11).
16
Let r(i) = -31683*i - 63377. Give r(-2).
-11
Let k(n) = 9*n**2 - 89*n - 2005. Calculate k(20).
-185
Let n(i) = 12*i**3 + 34*i**2 + 29*i + 59. Calculate n(-4).
-281
Let x(k) = -461*k + 61509. What is x(133)?
196
Let b(c) = -2*c**2 + 1630*c + 8141. What is b(-5)?
-59
Let t(w) = 358511*w + 358498. Give t(-1).
-13
Let g(b) = -123*b**2 - 1296*b - 3987. Calculate g(-3).
-1206
Let s(a) = -354634*a + 2127723. Give s(6).
-81
Let p(u) = 74866*u + 673768. Determine p(-9).
-26
Let b(m) = 547*m**3 + 26*m**2 + 32*m + 7. What is b(-1)?
-546
Let d(n) = -8379*n + 201098. What is d(24)?
2
Let y(l) = l**3 + 3*l**2 - 1884*l + 82. What is y(-45)?
-188
Let o(f) = 27*f**2 - 991*f - 1466. What is o(38)?
-136
Let y(w) = -4*w**2 - 9822*w - 58919. Calculate y(-6).
-131
Let y(z) = z**3 - 245*z**2 + 1740*z - 15. Calculate y(7).
503
Let r(f) = 179*f**2 + 19*f - 43. Determine r(-1).
117
Let g(j) = -69*j - 10754. Calculate g(-149).
-473
Let t(w) = 6*w**2 - 325*w + 58. Give t(52).
-618
Let k(h) = -h**2 - 143*h - 4853. What is k(-55)?
-13
Let l(c) = c**3 - 141*c**2 + 2355*c - 8898. Calculate l(13).
85
Let v(k) = k**3 - 210*k**2 - 173*k + 205381. Calculate v(206).
-1
Let a(t) = 4*t**3 - 212*t**2 - 166*t - 2585. Determine a(54).
115
Let t(c) = -1240*c + 16687. Give t(13).
567
Let d(a) = a**3 + 31*a**2 - 4191*a + 430. What is d(51)?
-29
Let l(c) = -c**2 + 25*c + 6578. Determine l(95).
-72
Let u(x) = -251*x**2 - 171936*x - 686. What is u(-685)?
-1
Let a(z) = 2*z**3 + 6*z**2 - 43*z - 87. Calculate a(-5).
28
Let w(s) = -8611*s + 800830. Give w(93).
7
Let m(r) = r**2 - 72*r - 1995. Determine m(81).
-1266
Let i(l) = -l**3 - 268*l**2 - 2003*l - 180953. Give i(-263).
-9
Let a(k) = 71788*k - 215404. Give a(3).
-40
Let b(s) = 152865*s + 13299250. What is b(-87)?
-5
Let u(n) = 4186*n + 16852. Give u(-4).
108
Let m(p) = -2*p**2 - 272*p - 6852. Calculate m(-34).
84
Let j(t) = 3*t**3 - 35*t**2 + 131*t - 342. Determine j(8).
2
Let a(z) = 10*z**3 + 111*z**2 + 9*z - 74. Calculate a(-11).
-52
Let k(g) = -183*g + 54470. Determine k(297).
119
Let m(n) = -2772*n + 263334. Calculate m(95).
-6
Let f(y) = -y**3 + 55*y**2 - 848*y + 50598. Determine f(56).
-26
Let r(n) = -n**3 + 55*n**2 + 112*n - 228. Give r(57).
-342
Let w(p) = p**3 + 63*p**2 + 283*p - 367. What is w(-58)?
39
Let h(b) = 1200*b - 11588. What is h(10)?
412
Let c(t) = 2*t**2 + 346*t - 13380. Calculate c(35).
1180
Let w(x) = 7*x**3 + 10*x**2 - 65*x - 19. Determine w(5).
781
Let p(r) = -7*r**2 - 78133*r - 156255. What is p(-2)?
-17
Let o(w) = -w**3 + 66*w**2 + 23*w - 401. Determine o(66).
1117
Let k(y) = 156979*y + 17267689. Determine k(-110).
-1
Let s(n) = 3*n**2 + 43476*n - 86950. Calculate s(2).
14
Let o(p) = -26519*p + 159173. Give o(6).
59
Let t(b) = -b**3 + 26*b**2 + 1250*b + 1280. Give t(51).
5
Let q(c) = c**2 - 112838*c + 564164. Give q(5).
-1
Let o(w) = 84*w + 4002. What is o(-48)?
-30
Let u(c) = c**2 + 10795*c - 75608. Give u(7).
6
Let i(t) = 8436*t + 2066812. What is i(-245)?
-8
Let g(c) = c**3 + 33*c**2 + 77*c - 1742. Calculate g(-27).
553
Let g(b) = 334*b + 29362. Give g(-88).
-30
Let y(j) = -93127*j + 465495. Give y(5).
-140
Let m(i) = 430*i - 3123. Give m(9).
747
Let t(r) = 39*r**2 + 66*r + 62. Determine t(-9).
2627
Let k(c) = -c**3 + 20*c**2 - 504*c + 2140. What is k(5)?
-5
Let o(y) = -2*y**2 - 105943*y - 423737. What is o(-4)?
3
Let w(f) = f**3 - 219*f**2 - 508*f + 14520. What is w(221)?
-66
Let x(j) = j**3 - 438*j**2 - 1746*j - 9719. What is x(442)?
5
Let b(h) = -14*h**2 - 232*h - 391. What is b(-18)?
-751
Let o(z) = -z**3 + 21*z**2 + 441*z - 9190. What is o(22)?
28
Let i(y) = -1566*y + 81333. Determine i(52).
-99
Let a(d) = 609*d + 155290. What is a(-255)?
-5
Let n(v) = -v**3 + 37*v**2 + 20705*v - 727126. Give n(35).
-1
Let r(g) = -g**2 + 99*g + 2801. Calculate r(-22).
139
Let h(u) = 17095*u - 153862. Determine h(9).
-7
Let j(h) = -4*h**2 + 2*h + 220. Determine j(8).
-20
Let w(t) = 15967*t + 175641. What is w(-11)?
4
Let q(h) = -h**3 + 3*h**2 + 5488*h - 27. Determine q(76).
-4587
Let u(n) = 301298*n + 2711808. What is u(-9)?
126
Let z(q) = 45*q**3 + 4134*q**2 - 550*q + 181. What is z(-92)?
-3
Let t(g) = -g**3 + 4*g**2 + 271*g - 126. What is t(-15)?
84
Let r(v) = -660*v - 84514. What is r(-128)?
-34
Let b(j) = -j**2 + 641*j + 13800. Determine b(-20).
580
Let c(s) = 5995*s + 33475. Calculate c(-6).
-2495
Let i(n) = 973*n + 4790. Give i(-6).
-1048
Let n(b) = -1773*b - 129403. Calculate n(-73).
26
Let a(f) = -2*f**2 + 4454*f - 26681. What is a(6)?
-29
Let b(n) = -270*n - 9509. Determine b(-35).
-59
Let l(t) = 24*t + 1733. Give l(-53).
461
Let n(a) = -7556*a + 2289458. Determine n(303).
-10
Let m(p) = 5763*p - 14532. What is m(3)?
2757
Let j(t) = -9011*t + 1928350. What is j(214)?
-4
Let x(d) = -18*d**2 + 78*d - 566. Determine x(5).
-626
Let o(l) = -1139*l - 3393. Determine o(-3).
24
Let z(p) = -5*p**2 - 384*p - 262. Determine z(-76).
42
Let j(u) = -u**2 - 6517*u - 755002. Calculate j(-118).
80
Let v(d) = 11*d**3 + 639*d**2 + 171*d + 6557. Calculate v(-58).
3
Let x(d) = -637378*d + 637368. Give x(1).
-10
Let d(y) = -2*y**3 + 178*y**2 + 7428*y + 1425. Determine d(120).
-15
Let n(h) = 113796*h + 88533282. Calculate n(-778).
-6
Let v(x) = 23*x**2 - 461*x + 14. Calculate v(20).
-6
Let h(c) = 374929*c + 716114